{"id":132,"date":"2012-03-03T19:24:46","date_gmt":"2012-03-04T00:24:46","guid":{"rendered":"http:\/\/aplv.ca\/wordpress\/?page_id=132"},"modified":"2022-03-19T10:50:39","modified_gmt":"2022-03-19T14:50:39","slug":"regles-de-navigation","status":"publish","type":"page","link":"https:\/\/aplv.ca\/wordpress\/?page_id=132","title":{"rendered":"R\u00e8gles de navigation"},"content":{"rendered":"<p style=\"text-align: center;\"><strong>Code d\u2019\u00e9thique encadrant les activit\u00e9s nautiques au lac Viceroy<\/strong><\/p>\n<p style=\"text-align: center;\"><strong>\u00a0<\/strong><em>(inspir\u00e9 du code d\u2019\u00e9thique encadrant les activit\u00e9s nautiques de la municipalit\u00e9 de Lac-Simon,\u00a0<\/em><em>que nous remercions de nous avoir autoris\u00e9s \u00e0 en reproduire ici des extraits)<\/em><\/p>\n<p>Nous pensons que le meilleur support que l\u2019on puisse fournir \u00e0 notre communaut\u00e9 est d\u2019entretenir une attitude de :<\/p>\n<p>\u2022 Respect vis-\u00e0-vis de l\u2019environnement naturel<\/p>\n<p>\u2022 Respect mutuel entre tous ceux qui utilisent les plans d\u2019eau et leurs environs<\/p>\n<p>Une acceptation librement consentie de ce code assurera la protection de l\u2019\u00e9cosyst\u00e8me du lac en am\u00e9liorant la qualit\u00e9 de vie de tous ceux qui en font usage. L\u2019objectif est de minimiser le niveau des activit\u00e9s envahissantes sans toutefois les restreindre excessivement. Le code incite ceux qui se livrent \u00e0 ce genre d\u2019activit\u00e9 \u00e0 \u00eatre particuli\u00e8rement conscients de l\u2019impact qu\u2019ils peuvent avoir et \u00e0 agir en cons\u00e9quence. D\u2019autre part, le code d\u2019\u00e9thique cr\u00e9e une zone de protection le long des rives \u00e0 la limite des environnements plus fragiles et autour de r\u00e9gions ou certaines personnes pourraient vouloir se livrer \u00e0 des activit\u00e9s paisibles (natation, promenade en kayak ou en canot, observation d\u2019oiseaux et p\u00eache).<\/p>\n<p><strong>Qualit\u00e9 de l\u2019eau<\/strong><\/p>\n<p>La qualit\u00e9 de l\u2019eau d\u2019un lac demeure la clef de sa sant\u00e9. C\u2019est aussi un aspect qui le rend attrayant aux r\u00e9sidents et aux visiteurs.<\/p>\n<p>Ne jetez rien dans le lac ou sur le rivage. Ceci inclus balles de golf, \u00e9mondages de branches, etc.) Assurez-vous que votre embarcation satisfasse \u00e0 tous les r\u00e8glements concernant les r\u00e9servoirs de vidange. Prenez toutes les pr\u00e9cautions n\u00e9cessaire pour \u00e9viter de verser des mati\u00e8res polluantes dans le lac (d\u00e9tergent, essence, huile, \u2026). Quand viendra le temps de changer votre moteur, consid\u00e9rez fortement l\u2019achat d\u2019un moteur 4 temps. Si vous transportez votre embarcation d\u2019un lac \u00e0 l\u2019autre, vous devez la laver soigneusement avant de la mettre \u00e0 l\u2019eau (pr\u00e9vention des algues et des esp\u00e8ces envahissantes).<\/p>\n<p><strong>Les vagues<\/strong><\/p>\n<p>Les grosses vagues peuvent aussi causer des renversements de bateaux, des d\u00e9placements de quais. On ne doit pas d\u00e9lib\u00e9r\u00e9ment cr\u00e9er des vagues ou utiliser le sillage d\u2019un bateau dans le but d\u2019effectuer des acrobaties. Aucune temp\u00eate n\u2019a r\u00e9ussi \u00e0 ce jour \u00e0 provoquer ce type de vagues. Alors\u2026<\/p>\n<p>Les vagues sont la cause principale de l\u2019\u00e9rosion des rives ainsi que des dommages pouvant affecter de fragiles \u00e9cosyst\u00e8mes, tels que les fray\u00e8res, les marais et autre habitats d\u2019animaux. De plus les vagues peuvent causer des renversements de bateaux, des d\u00e9placements de quais. On ne doit pas d\u00e9lib\u00e9r\u00e9ment cr\u00e9er des vagues ou utiliser le sillage d\u2019un bateau dans le but d\u2019effectuer des acrobaties (type wake-boat). Aucune temp\u00eate n\u2019a r\u00e9ussi \u00e0 ce jour \u00e0 provoquer ce type de vagues. Alors \u2026<\/p>\n<p><strong>La vitesse des embarcations motoris\u00e9es<\/strong><\/p>\n<p>Afin de r\u00e9duire la production de vagues et de limiter les risques d\u2019accident, respectez la vitesse sur le plan d\u2019eau de :<\/p>\n<p>\u2022 10 km\/h (6 mph) sans vagues \u00e0 moins de 70 m des berges<\/p>\n<p>\u2022 55 km\/h (35 mph) dans les autres cas (le jour, de 7 h \u00e0 21 h)<\/p>\n<p>\u2022 25 km\/h (15 mph) dans les autres cas (la nuit, de 21 h \u00e0 7 h)<\/p>\n<p>Les nageurs et les embarcations non motoris\u00e9es ont priorit\u00e9 sur les embarcations motoris\u00e9es.<\/p>\n<p>On ne doit jamais s\u2019approcher \u00e0 moins de 50 m d\u2019un nageur ou d\u2019une embarcation non motoris\u00e9es et d\u2019au moins 100 m d\u2019une zone de baignade.<\/p>\n<p><strong>Le bruit<\/strong><\/p>\n<p>La pollution par le bruit constitue l\u2019un des soucis majeurs sur le lac et ses alentours et doit \u00eatre r\u00e9duite au minimum.<\/p>\n<p>Les embarcations motoris\u00e9es doivent \u00eatre munies d\u2019un silencieux non modifi\u00e9. De m\u00eame, la conduite intempestive (virages serr\u00e9s, sauts de vagues, acrobaties\u2026), en plus d\u2019\u00eatre dangereuse, est une source de bruit inacceptable qui n\u2019a pas de place dans la nature. Le niveau sonore de tout syst\u00e8me de son doit \u00eatre ajust\u00e9 afin de r\u00e9pondre aux seuls besoins des occupants de l\u2019embarcation. Les syst\u00e8mes d\u2019avertissement (klaxons, sir\u00e8nes, \u2026) ne doivent \u00eatre utilis\u00e9s qu\u2019en situation d\u2019urgence. Vous pouvez maintenant vous procurer une embarcation \u00e9lectrique. Allez sur leur site: https:\/\/visionmarinetechnologies.com\/volt-en\/?fbclid=IwAR2cf-MLjLyMCcMiVO4Tnaaj-Pk9_44BcJRwujKnJYuwxyM-T42GqQAh5PQ. Ils sont situ\u00e9 au 730 boulevard Cur\u00e9-Boivin \u00e0 Boisbriand au Qu\u00e9bec.<\/p>\n<p><strong>Motomarines et bateaux \u00e0 haute performance<\/strong><\/p>\n<p>Ces embarcations poss\u00e8dent le plus fort potentiel pour se livrer \u00e0 des activit\u00e9s envahissantes sur le lac. <strong>Selon les \u00e9tudes universitaires les plus r\u00e9centes, les bateaux de type Wake boat qui utilisent des amplificateurs de vagues (ballast) doivent naviguer dans un passage d\u2019au moins 600 m\u00e8tres de large et \u00e0 5 m\u00e8tres de profondeur pour \u00e9viter de causer de l\u2019\u00e9rosion aux berges. Sur le lac Viceroy, un seul corridor tr\u00e8s restreint offre ces caract\u00e9ristiques. Pour cette raison nous vous encourageons fortement \u00e0 \u00e9viter l\u2019utilisation de ce type d\u2019embarcation et \u00e0 sensibiliser vos voisins ou invit\u00e9s \u00e0 faire de m\u00eame. Pour en savoir plus, consultez le site web de la Coalition Navigation (coalitionnavigation.ca).<\/strong><\/p>\n<p><a href=\"https:\/\/aplv.ca\/wordpress\/wp-content\/uploads\/2012\/04\/cARTE-LViceroyVitesse70m.jpg\"><img loading=\"lazy\" decoding=\"async\" class=\"alignleft size-full wp-image-454\" title=\"cARTE LViceroyVitesse70m\" src=\"https:\/\/aplv.ca\/wordpress\/wp-content\/uploads\/2012\/04\/cARTE-LViceroyVitesse70m.jpg\" alt=\"\" width=\"1275\" height=\"1650\" srcset=\"https:\/\/aplv.ca\/wordpress\/wp-content\/uploads\/2012\/04\/cARTE-LViceroyVitesse70m.jpg 1275w, https:\/\/aplv.ca\/wordpress\/wp-content\/uploads\/2012\/04\/cARTE-LViceroyVitesse70m-231x300.jpg 231w, https:\/\/aplv.ca\/wordpress\/wp-content\/uploads\/2012\/04\/cARTE-LViceroyVitesse70m-791x1024.jpg 791w\" sizes=\"auto, (max-width: 1275px) 100vw, 1275px\" \/><\/a><\/p>\n<div id=\"attachment_964\" style=\"width: 973px\" class=\"wp-caption alignleft\"><img loading=\"lazy\" decoding=\"async\" aria-describedby=\"caption-attachment-964\" class=\"wp-image-964 size-full\" src=\"https:\/\/aplv.ca\/wordpress\/wp-content\/uploads\/2019\/04\/Carte-bathym\u00e9trique2.jpg\" alt=\"\" width=\"963\" height=\"1500\" srcset=\"https:\/\/aplv.ca\/wordpress\/wp-content\/uploads\/2019\/04\/Carte-bathym\u00e9trique2.jpg 963w, https:\/\/aplv.ca\/wordpress\/wp-content\/uploads\/2019\/04\/Carte-bathym\u00e9trique2-193x300.jpg 193w, https:\/\/aplv.ca\/wordpress\/wp-content\/uploads\/2019\/04\/Carte-bathym\u00e9trique2-768x1196.jpg 768w, https:\/\/aplv.ca\/wordpress\/wp-content\/uploads\/2019\/04\/Carte-bathym\u00e9trique2-657x1024.jpg 657w\" sizes=\"auto, (max-width: 963px) 100vw, 963px\" \/><p id=\"caption-attachment-964\" class=\"wp-caption-text\">Gros format<\/p><\/div>\n","protected":false},"excerpt":{"rendered":"<p>Code d\u2019\u00e9thique encadrant les activit\u00e9s nautiques au lac Viceroy \u00a0(inspir\u00e9 du code d\u2019\u00e9thique encadrant les activit\u00e9s nautiques de la municipalit\u00e9 de Lac-Simon,\u00a0que nous remercions de nous avoir autoris\u00e9s \u00e0 en reproduire ici des extraits) Nous pensons que le meilleur support &hellip; <a href=\"https:\/\/aplv.ca\/wordpress\/?page_id=132\">Continuer la lecture <span class=\"meta-nav\">&rarr;<\/span><\/a><\/p>\n","protected":false},"author":1,"featured_media":0,"parent":0,"menu_order":0,"comment_status":"closed","ping_status":"closed","template":"sidebar-page.php","meta":{"footnotes":""},"class_list":["post-132","page","type-page","status-publish","hentry"],"_links":{"self":[{"href":"https:\/\/aplv.ca\/wordpress\/index.php?rest_route=\/wp\/v2\/pages\/132","targetHints":{"allow":["GET"]}}],"collection":[{"href":"https:\/\/aplv.ca\/wordpress\/index.php?rest_route=\/wp\/v2\/pages"}],"about":[{"href":"https:\/\/aplv.ca\/wordpress\/index.php?rest_route=\/wp\/v2\/types\/page"}],"author":[{"embeddable":true,"href":"https:\/\/aplv.ca\/wordpress\/index.php?rest_route=\/wp\/v2\/users\/1"}],"replies":[{"embeddable":true,"href":"https:\/\/aplv.ca\/wordpress\/index.php?rest_route=%2Fwp%2Fv2%2Fcomments&post=132"}],"version-history":[{"count":15,"href":"https:\/\/aplv.ca\/wordpress\/index.php?rest_route=\/wp\/v2\/pages\/132\/revisions"}],"predecessor-version":[{"id":1401,"href":"https:\/\/aplv.ca\/wordpress\/index.php?rest_route=\/wp\/v2\/pages\/132\/revisions\/1401"}],"wp:attachment":[{"href":"https:\/\/aplv.ca\/wordpress\/index.php?rest_route=%2Fwp%2Fv2%2Fmedia&parent=132"}],"curies":[{"name":"wp","href":"https:\/\/api.w.org\/{rel}","templated":true}]}}