{"id":93,"date":"2012-03-03T18:34:15","date_gmt":"2012-03-03T23:34:15","guid":{"rendered":"http:\/\/aplv.ca\/wordpress\/?page_id=93"},"modified":"2023-06-23T12:03:39","modified_gmt":"2023-06-23T16:03:39","slug":"environnement","status":"publish","type":"page","link":"https:\/\/aplv.ca\/wordpress\/?page_id=93","title":{"rendered":"Environnement"},"content":{"rendered":"<p>L&rsquo;environnement est au coeur des pr\u00e9occupations de l&rsquo;association.<\/p>\n<p>Cliquez sur un des liens suivants pour en conna\u00eetre plus:<\/p>\n<ul>\n<li><a href=\"https:\/\/aplv.ca\/wordpress\/?page_id=336\">Qualit\u00e9 et transparence de l&rsquo;eau<\/a><\/li>\n<li><a href=\"https:\/\/aplv.ca\/wordpress\/?page_id=134\">Revitalisation des berges<\/a><\/li>\n<li><a href=\"https:\/\/aplv.ca\/wordpress\/?page_id=138\">Herbier et faune<\/a><\/li>\n<\/ul>\n<p>&nbsp;<\/p>\n<p>&nbsp;<\/p>\n","protected":false},"excerpt":{"rendered":"<p>L&rsquo;environnement est au coeur des pr\u00e9occupations de l&rsquo;association. Cliquez sur un des liens suivants pour en conna\u00eetre plus: Qualit\u00e9 et transparence de l&rsquo;eau Revitalisation des berges Herbier et faune &nbsp; &nbsp;<\/p>\n","protected":false},"author":1,"featured_media":0,"parent":0,"menu_order":0,"comment_status":"closed","ping_status":"closed","template":"sidebar-page.php","meta":{"footnotes":""},"class_list":["post-93","page","type-page","status-publish","hentry"],"_links":{"self":[{"href":"https:\/\/aplv.ca\/wordpress\/index.php?rest_route=\/wp\/v2\/pages\/93","targetHints":{"allow":["GET"]}}],"collection":[{"href":"https:\/\/aplv.ca\/wordpress\/index.php?rest_route=\/wp\/v2\/pages"}],"about":[{"href":"https:\/\/aplv.ca\/wordpress\/index.php?rest_route=\/wp\/v2\/types\/page"}],"author":[{"embeddable":true,"href":"https:\/\/aplv.ca\/wordpress\/index.php?rest_route=\/wp\/v2\/users\/1"}],"replies":[{"embeddable":true,"href":"https:\/\/aplv.ca\/wordpress\/index.php?rest_route=%2Fwp%2Fv2%2Fcomments&post=93"}],"version-history":[{"count":13,"href":"https:\/\/aplv.ca\/wordpress\/index.php?rest_route=\/wp\/v2\/pages\/93\/revisions"}],"predecessor-version":[{"id":534,"href":"https:\/\/aplv.ca\/wordpress\/index.php?rest_route=\/wp\/v2\/pages\/93\/revisions\/534"}],"wp:attachment":[{"href":"https:\/\/aplv.ca\/wordpress\/index.php?rest_route=%2Fwp%2Fv2%2Fmedia&parent=93"}],"curies":[{"name":"wp","href":"https:\/\/api.w.org\/{rel}","templated":true}]}}